f 15253?
7, 2179
What are the prime factors of 490?
2, 5, 7
What are the prime factors of 1756?
2, 439
List the prime factors of 5553.
3, 617
What are the prime factors of 1284?
2, 3, 107
What are the prime factors of 8257?
23, 359
List the prime factors of 229.
229
What are the prime factors of 1541?
23, 67
What are the prime factors of 493?
17, 29
What are the prime factors of 20418?
2, 3, 41, 83
List the prime factors of 13133.
23, 571
List the prime factors of 1779.
3, 593
What are the prime factors of 1170?
2, 3, 5, 13
List the prime factors of 1180.
2, 5, 59
What are the prime factors of 1724?
2, 431
What are the prime factors of 4532?
2, 11, 103
List the prime factors of 43906.
2, 29, 757
What are the prime factors of 151904?
2, 47, 101
List the prime factors of 3354.
2, 3, 13, 43
List the prime factors of 15061.
15061
What are the prime factors of 37453?
13, 43, 67
List the prime factors of 2596.
2, 11, 59
List the prime factors of 46835.
5, 17, 19, 29
List the prime factors of 176539.
11, 1459
List the prime factors of 10831.
10831
What are the prime factors of 54177?
3, 18059
What are the prime factors of 31106?
2, 103, 151
List the prime factors of 2542.
2, 31, 41
List the prime factors of 32647.
32647
What are the prime factors of 1585?
5, 317
List the prime factors of 14488.
2, 1811
List the prime factors of 193.
193
List the prime factors of 8873.
19, 467
List the prime factors of 8782.
2, 4391
What are the prime factors of 1068?
2, 3, 89
What are the prime factors of 1168?
2, 73
What are the prime factors of 6558?
2, 3, 1093
What are the prime factors of 7671?
3, 2557
What are the prime factors of 997?
997
What are the prime factors of 2728?
2, 11, 31
List the prime factors of 4546.
2, 2273
What are the prime factors of 825?
3, 5, 11
List the prime factors of 822.
2, 3, 137
What are the prime factors of 16817?
67, 251
List the prime factors of 1483.
1483
List the prime factors of 327.
3, 109
What are the prime factors of 3966?
2, 3, 661
List the prime factors of 9049.
9049
List the prime factors of 69979.
7, 13, 769
List the prime factors of 183850.
2, 5, 3677
What are the prime factors of 3830?
2, 5, 383
What are the prime factors of 481?
13, 37
List the prime factors of 3368.
2, 421
What are the prime factors of 29781?
3, 1103
List the prime factors of 2410.
2, 5, 241
What are the prime factors of 7?
7
What are the prime factors of 67225?
5, 2689
List the prime factors of 133351.
133351
List the prime factors of 236.
2, 59
List the prime factors of 2366.
2, 7, 13
List the prime factors of 56942.
2, 71, 401
What are the prime factors of 63675?
3, 5, 283
List the prime factors of 9582.
2, 3, 1597
List the prime factors of 14404.
2, 13, 277
What are the prime factors of 15550?
2, 5, 311
List the prime factors of 21422.
2, 10711
List the prime factors of 122176.
2, 23, 83
List the prime factors of 12136.
2, 37, 41
List the prime factors of 39683.
7, 5669
List the prime factors of 12977.
19, 683
What are the prime factors of 44409?
3, 113, 131
What are the prime factors of 10768?
2, 673
List the prime factors of 31510.
2, 5, 23, 137
What are the prime factors of 3950?
2, 5, 79
List the prime factors of 10580.
2, 5, 23
List the prime factors of 520.
2, 5, 13
List the prime factors of 45548.
2, 59, 193
What are the prime factors of 671?
11, 61
List the prime factors of 5849.
5849
What are the prime factors of 4708?
2, 11, 107
What are the prime factors of 270?
2, 3, 5
List the prime factors of 971.
971
What are the prime factors of 9163?
7, 11, 17
List the prime factors of 34690.
2, 5, 3469
What are the prime factors of 2287?
2287
List the prime factors of 1230.
2, 3, 5, 41
List the prime factors of 4069.
13, 313
List the prime factors of 116014.
2, 19, 43, 71
What are the prime factors of 53677?
13, 4129
List the prime factors of 16947.
3, 7, 269
List the prime factors of 108490.
2, 5, 19, 571
List the prime factors of 12761.
7, 1823
List the prime factors of 597.
3, 199
What are the prime factors of 7458?
2, 3, 11, 113
List the prime factors of 3521.
7, 503
What are the prime factors of 1230?
2, 3, 5, 41
List the prime factors of 3794.
2, 7, 271
List the prime factors of 950.
2, 5, 19
What are the prime factors of 27685?
5, 7, 113
List the prime factors of 538.
2, 269
What are the prime factors of 428?
2, 107
What are the prime factors of 50947?
13, 3919
List the prime factors of 291.
3, 97
What are the prime factors of 57215?
5, 11443
What are the prime factors of 2345?
5, 7, 67
List the prime factors of 16479.
3, 1831
List the prime factors of 30625.
5, 7
What are the prime factors of 3097?
19, 163
What are the prime factors of 813?
3, 271
List the prime factors of 4092.
2, 3, 11, 31
List the prime factors of 15494.
2, 61, 127
What are the prime factors of 66667?
163, 409
List the prime factors of 68199.
3, 127, 179
What are the prime factors of 6427?
6427
List the prime factors of 769.
769
List the prime factors of 103.
103
List the prime factors of 10234.
2, 7, 17, 43
What are the prime factors of 19?
19
List the prime factors of 43070.
2, 5, 59, 73
What are the prime factors of 90538?
2, 7, 29, 223
What are the prime factors of 75325?
5, 23, 131
What are the prime factors of 19039?
79, 241
What are the prime factors of 87212?
2, 21803
List the prime factors of 21874.
2, 10937
List the prime factors of 14778.
2, 3, 821
List the prime factors of 18740.
2, 5, 937
What are the prime factors of 1035?
3, 5, 23
List the prime factors of 470.
2, 5, 47
What are the prime factors of 782?
2, 17, 23
List the prime factors of 10715.
5, 2143
What are the prime factors of 301?
7, 43
List the prime factors of 2738.
2, 37
List the prime factors of 7876.
2, 11, 179
What are the prime factors of 19068?
2, 3, 7, 227
List the prime factors of 5898.
2, 3, 983
What are the prime factors of 2592?
2, 3
What are the prime factors of 2473?
2473
What are the prime factors of 196760?
2, 5, 4919
List the prime factors of 106878.
2, 3, 47, 379
What are the prime factors of 59519?
53, 1123
List the prime factors of 1460.
2, 5, 73
What are the prime factors of 2465?
5, 17, 29
What are the prime factors of 45379?
23, 1973
List the prime factors of 17973.
3, 1997
What are the prime factors of 16796?
2, 13, 17, 19
List the prime factors of 7524.
2, 3, 11, 19
What are the prime factors of 73406?
2, 17, 127
List the prime factors of 470.
2, 5, 47
List the prime factors of 12628.
2, 7, 11, 41
List the prime factors of 2390.
2, 5, 239
List the prime factors of 12296.
2, 29, 53
List the prime factors of 19234.
2, 59, 163
What are the prime factors of 325?
5, 13
What are the prime factors of 14139?
3, 1571
List the prime factors of 4454.
2, 17, 131
What are the prime factors of 945?
3, 5, 7
What are the prime factors of 160?
2, 5
What are the prime factors of 5284?
2, 1321
What are the prime factors of 9003?
3, 3001
List the prime factors of 677.
677
What are the prime factors of 1262?
2, 631
List the prime factors of 13805.
5, 11, 251
List the prime factors of 560.
2, 5, 7
List the prime factors of 61248.
2, 3, 11, 29
What are the prime factors of 4000?
2, 5
What are the prime factors of 11868?
2, 3, 23, 43
What are the prime factors of 2120?
2, 5, 53
List the prime factors of 59473.
59473
What are the prime factors of 937?
937
What are the prime factors of 7858?
2, 3929
List the prime factors of 7630.
2, 5, 7, 109
List the prime factors of 12032.
2, 47
List the prime factors of 2282.
2, 7, 163
List the prime factors of 5940.
2, 3, 5, 11
List the prime factors of 82.
2, 41
What are the prime factors of 665?
5, 7, 19
List the prime factors of 966.
2, 3, 7, 23
What are the prime factors of 16798?
2, 37, 227
List the prime factors of 59.
59
What are the prime factors of 56537?
13, 4349
What are the prime factors of 75?
3, 5
What are the prime factors of 5306?
2, 7, 379
List the prime factors of 15911.
7, 2273
What are the prime factors of 6327?
3, 19, 37
List the prime factors of 746.
2, 373
List the prime factors of 8050.
2, 5, 7, 23
What are the prime factors of 7350?
2, 3, 5, 7
List the prime factors of 1011.
3, 337
List the prime factors of 13521.
3, 4507
What are the prime factors of 2456?
2, 307
What are the prime factors of 160?
2, 5
List the prime factors o